ctors of n.
5, 2887
Suppose 117*o + 31239 = -0*o. Suppose -273 = -2*j + 569. Let n = j + o. List the prime factors of n.
2, 7, 11
Suppose 13*w - 54405 = 54119. What are the prime factors of w?
2, 2087
Suppose -9*u = -11*u + 698. Suppose 1547 = 4*d - u. What are the prime factors of d?
2, 3, 79
Let g = 3245 - -7802. What are the prime factors of g?
11047
Let b be (6/(-4))/(5/20 + -1). Let y(z) = -13*z**b + 12*z**2 + z + 0*z + 124 + 0*z. List the prime factors of y(0).
2, 31
Let i be (-3)/6 + 1 + (-9357)/6. Let p = i + 979. List the prime factors of (-1 + 0)/(4/p).
5, 29
Let y(h) = 141*h**2 - 15*h - 253. List the prime factors of y(-16).
36083
Let h(m) be the first derivative of 160*m**3/3 - 3*m**2/2 + 2*m - 18. What are the prime factors of h(2)?
2, 3, 53
Suppose 0 = 4*w - h - 15, w - 7*h - 6 = -9*h. Suppose 4*a - w*d - 2224 = 0, a + 6*d = d + 580. List the prime factors of a.
2, 5, 7
Suppose 0 = -l - 10*l + 22. Suppose l*c + n - 684 = 0, 2*c + 0*c = -5*n + 700. List the prime factors of c.
2, 5, 17
Let a = -532 + 989. Let q = -97 + a. List the prime factors of q.
2, 3, 5
Suppose 196396 = 24*p - 275492. List the prime factors of p.
2, 3, 29, 113
Suppose 4*y = -6*b + 142472, -5*b - 30557 = -2*y + 40711. What are the prime factors of y?
2, 61, 73
Let v(n) = 379*n + 962. What are the prime factors of v(15)?
17, 23
Suppose k - 85696 = -51692. What are the prime factors of k?
2, 8501
Let g = -72 - -75. Suppose -407 = -g*j - c, 4*j - 3*c - 591 + 70 = 0. What are the prime factors of j?
2, 67
Let p(v) = -4*v - 12. Let f be p(-4). Suppose -3*a - 2*a = -5*c, 0 = -c + f*a - 6. Suppose -6*h + 452 = -c*h. What are the prime factors of h?
113
Let v = -37496 + 53840. What are the prime factors of v?
2, 3, 227
Let x = 17734 - -1650. What are the prime factors of x?
2, 2423
Suppose 2*j = -v + 264657, j - v - 132315 = 3*v. What are the prime factors of j/116 + 3/(-4)?
2, 3, 5, 19
Let n(d) = 2*d**2 + d - 1. Let x(g) = -10*g**2 - 15*g - 7. Let y(t) = 6*n(t) + x(t). What are the prime factors of y(10)?
97
Suppose 288 = t - 4*t. Suppose -5*g - 2*q = -3*q + 853, -3*q - 501 = 3*g. Let i = t - g. List the prime factors of i.
2, 37
Let v(l) = 6*l**2 - 191*l + 97. What are the prime factors of v(41)?
2, 3, 7
Let p(h) = -64*h + 4. Let i be p(-5). Let z be 330/(-4) - (-1179)/786. Let q = i + z. What are the prime factors of q?
3
Let d be (-2)/12 - (-1305)/54. Suppose 3*z - z = -d. List the prime factors of (-474)/z - 1/(-2).
2, 5
Suppose -4*y = 2*a - 4538, -182*y + 178*y + 4*a + 4544 = 0. List the prime factors of y.
5, 227
Let k(n) = 11*n - 61. Let f be k(6). Suppose f*r - 308 = -2*u, 7*u + 496 = 10*u - r. What are the prime factors of u?
2, 41
Let k(p) = -67*p - 62. Let l be k(-1). Let d(z) = 3*z + 4. Let t be d(3). Suppose -3*s = 5*q - 21, l*s - q - 22 - t = 0. What are the prime factors of s?
7
Suppose p - 6*p + 15 = 0. Suppose p*s = -8 + 23. Suppose -2*g + 1043 = s*g. What are the prime factors of g?
149
Suppose 28*g = 29*g - 10. Let y be (g/4)/((-11)/(-22)). Suppose 2*v + 558 = y*v. What are the prime factors of v?
2, 3, 31
Suppose -9*n = -5*n. Suppose 2*w = -5*r + 2230, n*r + w + 439 = r. List the prime factors of r.
2, 3, 37
List the prime factors of (543956/(-56))/(((-14)/(-4))/(-7)).
19427
Let v(j) = 25*j**2 + 20*j - 682. What are the prime factors of v(20)?
2, 43, 113
Suppose 63 = -2*f - f. Let w be (0 + 21)*f/(-9). Let x = w + -37. List the prime factors of x.
2, 3
Suppose q - 3*r = 68, -7*q + 11*q + 5*r = 272. Let v = 690 - q. List the prime factors of v.
2, 311
Let h = 59267 - 26404. What are the prime factors of h?
59, 557
List the prime factors of (1 - 2)/((-1436)/(-1437) - 1).
3, 479
Let p = 11639 + -5207. What are the prime factors of p?
2, 3, 67
Suppose -44172 = 5301*j - 5310*j. List the prime factors of j.
2, 3, 409
Suppose -5 = -z + 3. Suppose -7*k + z*k = 4. Suppose 0 = -0*y - k*y + 468. List the prime factors of y.
3, 13
Suppose 42*o + 41*o - 19*o = 51392. List the prime factors of o.
11, 73
Let z(n) = -4*n**3 - n**2 + n + 2. Let i be z(-1). Let l be (-5 - (-16)/i) + -3. Let a(v) = -60*v + 4. What are the prime factors of a(l)?
2, 61
Suppose 2*x + s - 27612 = 0, -69039 = -17*x + 12*x - 4*s. What are the prime factors of x?
3, 43, 107
Suppose -997 = -9*i - 106. Let k(v) = 648 - 637 + i*v + 127*v. What are the prime factors of k(1)?
3, 79
Suppose 0*y - 360 = -4*y. Let a be -92 + 93 - 2/(-2 - 0). Suppose -o + y = a*q + o, 4*q = 4*o + 220. What are the prime factors of q?
2, 5
Let j(k) = 11*k**2 + 7*k + 6. Let t be j(-4). Let p = 150 + t. What are the prime factors of p?
2, 19
Suppose -3738 - 1187 = -5*b. Let y = 1 - 1. Suppose 15*n + b - 3580 = y. What are the prime factors of n?
173
Let b(t) = t**2 + 7*t + 8. Let g be b(-6). Suppose 0 = -y + 4 - g. Suppose 3*h - y*z = 472, 0 = -2*h + h + 3*z + 162. What are the prime factors of h?
2, 3, 13
Suppose 0 = g - 2122 - 1051. Suppose -4*c - 609 + g = 0. What are the prime factors of c?
641
Let p = -43 - -69. Let h(y) = -3*y**2 - 31*y**3 + 4 - p*y**3 + 8 + 58*y**3 - 4*y. What are the prime factors of h(5)?
2, 3, 7
Suppose 22*a + 9*a - 105000 = 29*a. List the prime factors of a.
2, 3, 5, 7
Let h(b) = b**3 + 101*b**2 + 187*b + 292. List the prime factors of h(-97).
7, 11, 257
Let w = -39 + 47. Suppose 3*k - w*k - 45 = 0. What are the prime factors of (-5 + k/3)/(-1)?
2
Let f(w) = 1 + 26*w**2 - 2 - 16*w - 2 + 2. List the prime factors of f(-2).
3, 5
Let c(t) = -2445*t + 1257. What are the prime factors of c(-2)?
3, 683
Let w(j) be the second derivative of -25*j + 0 - 13/2*j**2 - 5/3*j**3 + 1/4*j**4. List the prime factors of w(8).
3, 11
Suppose -195*o - 51044 = -202*o. What are the prime factors of o?
2, 1823
Let w(c) = -4*c**3 - 3*c**2 + 4*c + 4829. List the prime factors of w(0).
11, 439
Let y = -3326 + 9169. List the prime factors of y.
5843
Let l be 25/((-35)/(-56) + (-3)/(-8)). List the prime factors of (-8755)/(-15) + l/(-15).
2, 3, 97
Let m(p) = 36*p**3 + 3*p**2 - p - 1. Let c be m(1). Suppose c*q = 28*q + 864. What are the prime factors of q?
2, 3
Let p = 599 + 332. Let c = p - 638. List the prime factors of c.
293
Let g(j) = 57*j**3 - 9*j**2 + 17*j + 10. What are the prime factors of g(2)?
2, 29
Suppose o + 389 = 2*w + 8701, -o - 4*w = -8330. What are the prime factors of o?
2, 4159
Let m(r) = 71*r - 6. Let c be m(1). Suppose -6*k - c - 1 = 0. List the prime factors of 6/99*3 - 438/k.
2, 5
Let d be ((-206)/5)/(0 + (-7)/(-35)). Let j = 88 - d. List the prime factors of j.
2, 3, 7
List the prime factors of (-5 - 2)*((-26)/(-91))/((-5)/55035).
2, 3, 1223
Suppose 0 = -100*r + 120*r. Suppose 0 = 2*c - k, 2*c + 2*k = -0*k. Suppose r = 5*w, c*w - w - 176 = -2*a. What are the prime factors of a?
2, 11
Let o = 839 - 532. Let s = o - 33. List the prime factors of s.
2, 137
Let w = 70 - 2. Let p = 117 + 59. Suppose -2*v + 4*v + b = w, -5*v + p = b. List the prime factors of v.
2, 3
Suppose 3*n - 13 = x, -5 = x + 4*n - 13. Let m = 81 + -61. What are the prime factors of 5/m - 1/(x/231)?
2, 29
Suppose 244*f = 253*f - 73980. List the prime factors of f.
2, 3, 5, 137
Let q = 139 + -64. List the prime factors of (-1755)/6*(-5)/(q/10).
3, 5, 13
Let r = -4672 + 10103. List the prime factors of r.
5431
Let j(m) = 2*m**2 + 5. Let z(k) = k**2 + 5*k - 22. Let i be z(-8). Let b be j(i). Suppose b*w = 354 + 842. List the prime factors of w.
2, 23
Suppose -3*a + 21 = 3*c, 0*a + 2*a + 6 = 3*c. Let b(o) = -16*o + 3. Let v be b(a). List the prime factors of v/25*(-15 + 0)*3.
3
Suppose -1400 - 312 = -4*m. Suppose 0*o - 2*l + m = -2*o, -4*l + 436 = -2*o. Let a = -115 - o. What are the prime factors of a?
5, 19
Let t = 138 - 139. List the prime factors of -38*(3 + (-52)/(-8))*t.
19
Suppose 2*p = 4*w - 1390, 6*p - 1740 = -5*w + 9*p. Let k = w - -114. What are the prime factors of k?
3, 17
Suppose 0 = 5*w + 7*w. Suppose 15*u + 6*u - 17220 = w. What are the prime factors of u?
2, 5, 41
Let k = -240 - -240. What are the prime factors of (3032/8)/(1 - k - 0)?
379
Let p = -25 - -31. Suppose 11*m - 13*m - p = 0. List the prime factors of (-2)/(-3)*m - -58.
2, 7
Suppose 199 = 3*a + 4*r + 827, -658 = 3*a - 2*r. What are the prime factors of 1*(-1 - a)*(36 - 29)?
5, 7, 43
Let c be (45/20 - 3)*(-180)/(-5). Let k(i) = i**3 + 28*i**2 + 14*i +